{"id":709,"date":"2019-10-20T23:30:20","date_gmt":"2019-10-20T23:30:20","guid":{"rendered":"https:\/\/morenitaaccesorios.com\/?page_id=709"},"modified":"2019-10-20T23:30:20","modified_gmt":"2019-10-20T23:30:20","slug":"politica-de-privacidad","status":"publish","type":"page","link":"https:\/\/morenitaaccesorios.com\/index.php\/politica-de-privacidad\/","title":{"rendered":"Pol\u00edtica de Privacidad"},"content":{"rendered":"\t\t<div data-elementor-type=\"wp-page\" data-elementor-id=\"709\" class=\"elementor elementor-709\">\n\t\t\t\t\t\t<section class=\"gap-default elementor-section elementor-top-section elementor-element elementor-element-221b4a6 elementor-section-boxed elementor-section-height-default elementor-section-height-default\" data-id=\"221b4a6\" data-element_type=\"section\">\n\t\t\t\t\t\t<div class=\"elementor-container elementor-column-gap-default\">\n\t\t\t\t\t<div class=\"elementor-column elementor-col-100 elementor-top-column elementor-element elementor-element-f01e2b6\" data-id=\"f01e2b6\" data-element_type=\"column\">\n\t\t\t<div class=\"elementor-widget-wrap elementor-element-populated\">\n\t\t\t\t\t\t<div class=\"elementor-element elementor-element-1db2bb9 wooma-transform transform-type-translate elementor-widget elementor-widget-heading\" data-id=\"1db2bb9\" data-element_type=\"widget\" data-widget_type=\"heading.default\">\n\t\t\t\t<div class=\"elementor-widget-container\">\n\t\t\t<style>\/*! elementor - v3.22.0 - 17-06-2024 *\/\n.elementor-heading-title{padding:0;margin:0;line-height:1}.elementor-widget-heading .elementor-heading-title[class*=elementor-size-]>a{color:inherit;font-size:inherit;line-height:inherit}.elementor-widget-heading .elementor-heading-title.elementor-size-small{font-size:15px}.elementor-widget-heading .elementor-heading-title.elementor-size-medium{font-size:19px}.elementor-widget-heading .elementor-heading-title.elementor-size-large{font-size:29px}.elementor-widget-heading .elementor-heading-title.elementor-size-xl{font-size:39px}.elementor-widget-heading .elementor-heading-title.elementor-size-xxl{font-size:59px}<\/style><h4 class=\"elementor-heading-title elementor-size-default\">Pol\u00edtica de Privacidad<\/h4>\t\t<\/div>\n\t\t\t\t<\/div>\n\t\t\t\t\t<\/div>\n\t\t<\/div>\n\t\t\t\t\t<\/div>\n\t\t<\/section>\n\t\t\t\t<section class=\"gap-default elementor-section elementor-top-section elementor-element elementor-element-45c10aa elementor-section-boxed elementor-section-height-default elementor-section-height-default\" data-id=\"45c10aa\" data-element_type=\"section\">\n\t\t\t\t\t\t<div class=\"elementor-container elementor-column-gap-default\">\n\t\t\t\t\t<div class=\"elementor-column elementor-col-100 elementor-top-column elementor-element elementor-element-367fa5b\" data-id=\"367fa5b\" data-element_type=\"column\">\n\t\t\t<div class=\"elementor-widget-wrap elementor-element-populated\">\n\t\t\t\t\t\t<div class=\"elementor-element elementor-element-8e769bf elementor-widget elementor-widget-text-editor\" data-id=\"8e769bf\" data-element_type=\"widget\" data-widget_type=\"text-editor.default\">\n\t\t\t\t<div class=\"elementor-widget-container\">\n\t\t\t<style>\/*! elementor - v3.22.0 - 17-06-2024 *\/\n.elementor-widget-text-editor.elementor-drop-cap-view-stacked .elementor-drop-cap{background-color:#69727d;color:#fff}.elementor-widget-text-editor.elementor-drop-cap-view-framed .elementor-drop-cap{color:#69727d;border:3px solid;background-color:transparent}.elementor-widget-text-editor:not(.elementor-drop-cap-view-default) .elementor-drop-cap{margin-top:8px}.elementor-widget-text-editor:not(.elementor-drop-cap-view-default) .elementor-drop-cap-letter{width:1em;height:1em}.elementor-widget-text-editor .elementor-drop-cap{float:left;text-align:center;line-height:1;font-size:50px}.elementor-widget-text-editor .elementor-drop-cap-letter{display:inline-block}<\/style>\t\t\t\t<p>DECLARACI\u00d3N DE PRIVACIDAD<\/p><p>SECCI\u00d3N 1 &#8211; \u00bfQU\u00c9 HACEMOS CON TU INFORMACI\u00d3N?<\/p><p>Cuando compras algo de nuestra tienda, como parte del proceso de compra venta, nosotros recolectamos la informaci\u00f3n personal que nos das tales como nombre, direcci\u00f3n y correo electr\u00f3nico.<\/p><p>Cuando navegas en nuestra tienda, tambi\u00e9n recibimos de manera autom\u00e1tica la direcci\u00f3n de protocolo de internet de tu computadora (IP) con el fin de proporcionarnos informaci\u00f3n que nos ayuda a conocer acerca de su navegador y sistema operativo.<\/p><p>Email marketing: Con tu permiso, podremos enviarte correos electr\u00f3nicos acerca de nuestra tienda, nuevos productos y otras actualizaciones<\/p><p>SECTION 2 &#8211; CONSENTIMIENTO<\/p><p>\u00bfC\u00f3mo obtienen mi consentimiento?<\/p><p>Cuando nos provees tu informaci\u00f3n personal para completar una transacci\u00f3n, verificar tu tarjeta de cr\u00e9dito, crear una orden, concertar un env\u00edo o hacer una devoluci\u00f3n, implicamos que aceptas la recolecci\u00f3n y uso por esa raz\u00f3n espec\u00edfica solamente.<\/p><p>Si te pedimos tu informaci\u00f3n personal por una raz\u00f3n secundaria, como marketing, te pediremos directamente tu expreso consentimiento, o te daremos la oportunidad de negarte.<\/p><p>\u00bfC\u00f3mo puedo anular mi consentimiento?<\/p><p>Si luego de haber aceptado cambias de opini\u00f3n, puedes anular tu consentimiento para que te contactemos, por la recolecci\u00f3n, uso o divulgaci\u00f3n de tu informaci\u00f3n, en cualquier momento, contact\u00e1ndonos a hola@morenitaaccesorios.com o escribi\u00e9ndonos a:<\/p><p>Morenita Accesorios<\/p><p>Calle de la virtud 35 Quinta Gracia, Fraccionamiento las quintas.<\/p><p>27015<\/p><p>Torre\u00f3n, Coahuila. Mexico.<\/p><p>SECCI\u00d3N 3 &#8211; DIVULGACI\u00d3N<\/p><p>Podemos divulgar tu informaci\u00f3n personal si se nos requiere por ley o si violas nuestros T\u00e9rminos de Servicio.<\/p><p>SECCI\u00d3N 4 \u2013 WOEE &#8211; WooCommerce &#8211; Kinsta<\/p><p>Nuestra tienda se encuentra alojada en Kinsta y desarrollada con WooCommerce. WOEE nos proporcionan la plataforma de comercio electr\u00f3nico en l\u00ednea que nos permite venderte nuestros productos y servicios.<\/p><p>Tus datos se almacenan a trav\u00e9s del almacenamiento de datos de WooCommerce, bases de datos y la aplicaci\u00f3n general de WOEE. Tus datos se almacenan en un servidor seguro detr\u00e1s de un firewall.<\/p><p>Pagos:<\/p><p>Si eliges una pasarela de pago directo para completar tu compra, entonces Shopify almacena datos de tu tarjeta de cr\u00e9dito. Est\u00e1 cifrada a trav\u00e9s de la Seguridad Standard de Datos de la Industrai de Tarjetas de Pago (PCI-DSS). Tus datos de transacci\u00f3n de compra se almacenan s\u00f3lo en la medida en que sea necesario para completar la transacci\u00f3n de compra. Despu\u00e9s de que se haya completado, se borra la informaci\u00f3n de su transacci\u00f3n de compra.<\/p><p>Todas las pasarelas de pago directo se adhieren a los est\u00e1ndares establecidos por PCI-DSS como lo indicado por el Consejo de Normas de Seguridad de PCI, que es un esfuerzo conjunto de marcas como Visa, MasterCard, American Express y Discover.<\/p><p>Los requisitos del PCI-DSS ayudan a garantizar el manejo seguro de la informaci\u00f3n de tarjetas de cr\u00e9dito de las tiendas y sus proveedores de servicios.<\/p><p>Para una visi\u00f3n m\u00e1s clara, es posible que tambi\u00e9n desees leer las Condiciones de servicio de Shopify aqu\u00ed o Declaraci\u00f3n de privacidad aqu\u00ed.<\/p><p>SECCI\u00d3N 5 &#8211; SERVICES DE TERCERAS PARTES<\/p><p>En general, los proveedores de terceras partes utilizados por nosotros solo recopilar\u00e1n, usar\u00e1n y divulgar\u00e1n tu informaci\u00f3n en la medida que sea necesaria para que les permita desempe\u00f1ar los servicios que nos proveen.<\/p><p>Sin embargo, algunos proveedores de servicios de terceros, tales como pasarelas de pago y otros procesadores de transacciones de pago, tienen sus propias pol\u00edticas de privacidad con respecto a la informaci\u00f3n que estamos obligados a proporcionarles para las transacciones relacionadas con las compras.<\/p><p>Para estos proveedores, te recomendamos que leas las pol\u00edticas de privacidad para que puedas entender la manera en que tu informaci\u00f3n personal ser\u00e1 manejada.<\/p><p>En particular, recuerda que algunos proveedores pueden estar ubicados o contar con instalaciones que se encuentran en una jurisdicci\u00f3n diferente a ti o nosotros.\u00a0 Asique si deseas proceder con una transacci\u00f3n que involucra los servicios de un proveedor a terceros, tu informaci\u00f3n puede estar sujeta a las leyes de la jurisdicci\u00f3n (jurisdicciones) en que se encuentra el proveedor de servicios o sus instalaciones.<\/p><p>A modo de ejemplo, si te encuentras en Canad\u00e1 y tu transacci\u00f3n es procesada por una pasarela de pago con sede en Estados Unidos, entonces tu informaci\u00f3n personal utilizada para completar la transacci\u00f3n puede ser sujeto de divulgaci\u00f3n en virtud de la legislaci\u00f3n de Estados Unidos, incluyendo la Ley Patriota.<\/p><p>Una vez que abandonas el sitio web de nuestra tienda o te rediriges a un sitio o aplicaci\u00f3n de terceros, ya no est\u00e1s siendo regulados por la presente Pol\u00edtica de Privacidad o los T\u00e9rminos de Servicio de nuestra p\u00e1gina web.<\/p><p>Enlaces<\/p><p>Cuando haces clic en enlaces de nuestra tienda, puede que seas redirigido fuera de nuestro sitio.\u00a0 No somos responsables por las pr\u00e1cticas de privacidad de otros sitios y te recomendamos leer sus normas de privacidad.<\/p><p>SECCI\u00d3N 6 &#8211; SEGURIDAD<\/p><p>Para proteger tu informaci\u00f3n personal, tomamos precauciones razonables y seguimos las mejores pr\u00e1cticas de la industria para asegurarnos de que no haya p\u00e9rdida de manera inapropiada, mal uso, acceso, divulgaci\u00f3n, alteraci\u00f3n o destrucci\u00f3n de la misma.<\/p><p>SI nos proporcionas la informaci\u00f3n de tu tarjeta de cr\u00e9dito, dicha informaci\u00f3n es encriptada mediante la tecnolog\u00eda Secure Socket Layer (SSL) y se almacena con un cifrado AES-256.\u00a0 Aunque ning\u00fan m\u00e9todo de transmisi\u00f3n a trav\u00e9s de Internet o de almacenamiento electr\u00f3nico es 100% seguro, seguimos todos los requisitos de PCI-DSS e implementamos normas adicionales aceptadas por la industria.<\/p><p>COOKIES<\/p><p>Aqu\u00ed tienes una lista de cookies que utilizamos. Las enlistamos para que puedas elegir si quieres optar por quitarlas o no.<\/p><p>woocommerce_cart_hash<\/p><p>Ayuda a WooCommerce a determinar cu\u00e1ndo cambian los contenidos \/ datos del carrito.<\/p><p>woocommerce_items_in_car<\/p><p>Ayuda a WooCommerce a determinar cu\u00e1ndo cambian los contenidos \/ datos del carrito.<\/p><p>wp_woocommerce_session_<\/p><p>Contiene un c\u00f3digo \u00fanico para cada cliente para que sepa d\u00f3nde encontrar los datos del carrito en la base de datos para cada cliente.<\/p><p>woocommerce_recently_viewed<\/p><p>Alimenta el widget Productos vistos recientes.<\/p><p>store_notice[notice id<\/p><p>Permite a los clientes descartar el aviso de la tienda.<\/p><p>wordpress_logged_in_[hash]<\/p><p>Indica cu\u00e1ndo ha iniciado sesi\u00f3n y qui\u00e9n es usted, para la mayor\u00eda del uso de la interfaz.<\/p><p>wordpress_[hash]<\/p><p>Almacena sus detalles de autenticaci\u00f3n. Su uso est\u00e1 limitado al \u00e1rea de la Pantalla de Administraci\u00f3n, \/ wp-admin \/<\/p><p>wp-settings-time-1<\/p><p>The number on the end is your individual user ID from the users database table. This is used to customize your view of admin interface, and possibly also the main site interface.<\/p><p>mailchimp_landing_site<\/p><p>mailchimp_user_email<\/p><p>mailchimp_user_previous_email<\/p><p>SECCI\u00d3N 7 &#8211; EDAD DE CONSENTIMIENTO<\/p><p>Al utilizar este sitio, declaras que tienes al menos la mayor\u00eda de edad en tu estado o provincia de residencia, o que tienes la mayor\u00eda de edad en tu estado o provincia de residencia y que nos has dado tu consentimiento para permitir que cualquiera de tus dependientes menores use este sitio.<\/p><p>SECCI\u00d3N 8 &#8211; CAMBIOS A ESTA POL\u00cdTICA DE PRIVACIDAD<\/p><p>Nos reservamos el derecho de modificar esta pol\u00edtica de privacidad en cualquier momento, asique por favor rev\u00edsala frecuentemente.\u00a0 Cambios y aclaraciones entrar\u00e1n en vigencia inmediatamente despu\u00e9s<\/p><p>de su publicaci\u00f3n en el sitio web.\u00a0 Si hacemos cambios materiales a esta pol\u00edtica, notificaremos aqu\u00ed que ha sido actualizada, por lo que cual est\u00e1s enterado de qu\u00e9 informaci\u00f3n recopilamos, c\u00f3mo y bajo qu\u00e9 circunstancias, si las hubiere, la utilizamos y\/o divulgamos.<\/p><p>Si nuestra tienda es adquirida o fusionada con otra empresa, tu informaci\u00f3n puede ser transferida a los nuevos propietarios, para que podamos seguir vendi\u00e9ndote productos.<\/p><p>PREGUNTAS E INFORMACI\u00d3N DE CONTACTO<\/p><p>Si quieres: acceder, corregir, enmendar o borrar cualquier informaci\u00f3n personal que poseamos sobre ti, registrar una queja, o simplemente quieres m\u00e1s informaci\u00f3n contacta a nuestro Oficial de Cumplimiento de Privacidad hola@morenitaaccesorios.com o por correo postal a:<\/p><p>Morenita Accesorios<\/p><p>Calle de la virtud 35 Quinta Gracia, Fraccionamiento las quintas.<\/p><p>27015<\/p><p>Torre\u00f3n, Coahuila. Mexico.<\/p>\t\t\t\t\t\t<\/div>\n\t\t\t\t<\/div>\n\t\t\t\t\t<\/div>\n\t\t<\/div>\n\t\t\t\t\t<\/div>\n\t\t<\/section>\n\t\t\t\t<\/div>\n\t\t","protected":false},"excerpt":{"rendered":"<p>Pol\u00edtica de Privacidad DECLARACI\u00d3N DE PRIVACIDAD SECCI\u00d3N 1 &#8211; \u00bfQU\u00c9 HACEMOS CON TU INFORMACI\u00d3N? Cuando compras algo de nuestra tienda, como parte del proceso de compra venta, nosotros recolectamos la informaci\u00f3n personal que nos das tales como nombre, direcci\u00f3n y correo electr\u00f3nico. Cuando navegas en nuestra tienda, tambi\u00e9n recibimos de manera autom\u00e1tica la direcci\u00f3n de&#8230;<\/p>\n","protected":false},"author":1,"featured_media":0,"parent":0,"menu_order":0,"comment_status":"closed","ping_status":"closed","template":"","meta":{"footnotes":""},"class_list":{"0":"post-709","1":"page","2":"type-page","3":"status-publish","4":"hentry","5":"nt-post-class","6":"","7":"thumb-none","9":"excerpt-none"},"_links":{"self":[{"href":"https:\/\/morenitaaccesorios.com\/index.php\/wp-json\/wp\/v2\/pages\/709","targetHints":{"allow":["GET"]}}],"collection":[{"href":"https:\/\/morenitaaccesorios.com\/index.php\/wp-json\/wp\/v2\/pages"}],"about":[{"href":"https:\/\/morenitaaccesorios.com\/index.php\/wp-json\/wp\/v2\/types\/page"}],"author":[{"embeddable":true,"href":"https:\/\/morenitaaccesorios.com\/index.php\/wp-json\/wp\/v2\/users\/1"}],"replies":[{"embeddable":true,"href":"https:\/\/morenitaaccesorios.com\/index.php\/wp-json\/wp\/v2\/comments?post=709"}],"version-history":[{"count":0,"href":"https:\/\/morenitaaccesorios.com\/index.php\/wp-json\/wp\/v2\/pages\/709\/revisions"}],"wp:attachment":[{"href":"https:\/\/morenitaaccesorios.com\/index.php\/wp-json\/wp\/v2\/media?parent=709"}],"curies":[{"name":"wp","href":"https:\/\/api.w.org\/{rel}","templated":true}]}}